first derivative of -2*o**3/3 - 3*o**2/2 - 4*o + 832. Determine p(3).
-31
Let r(u) = 7 + 3697*u + 3688*u + 2*u**3 - 4*u**2 - 7391*u. Give r(3).
7
Let n(u) = -22*u**2 - 1. Let m = -16 + 16. Suppose m*b = b + 2. Let f be (b + 4 - (-3)/(-3))*1. Calculate n(f).
-23
Let x(b) = 2*b**2 + 4*b - 39. Let h(m) = -m**2 + 2*m + 30. Let q(n) = 3*h(n) + 2*x(n). Suppose -2*c - 17 = 1. What is q(c)?
-33
Let x(r) = -50*r + 16. Let k(b) = 19*b + 65. Let m be k(-4). Let f(d) = 10*d - 3. Let q(w) = m*f(w) - 2*x(w). Give q(-1).
11
Suppose 523 + 325 = 16*t. Let r(h) = -56*h + 211*h + 11 - h**2 - 49*h - t*h - h**3 - 54*h. Calculate r(0).
11
Let p(g) = -10 + 4 - 9 - g. Let d = 30608 + -30619. Give p(d).
-4
Let m(h) = -2*h**2 + 30*h + 36. Suppose -12 = -k - 4*g, 4*k - 56 = -3*g + 5. Give m(k).
4
Let q(r) = 8*r - 4 + 4*r + 11*r - 3 - 9*r. Let c be q(1). Let l(i) = i**3 - 6*i**2 - 9*i + 10. Determine l(c).
-4
Let v be 174/15 - (10 + -3 + (-148)/20). Let z(a) = -a**2 + 14*a + 7. Determine z(v).
31
Let v(m) be the third derivative of m**5/60 - m**4/24 - 10*m**3/3 + m**2. Let u = 39900 - 39900. Determine v(u).
-20
Let i be (1 + 0)/(46/322). Let n(k) = -4*k + 14. What is n(i)?
-14
Let o(q) be the second derivative of -q**7/2520 + 7*q**6/720 + q**5/12 + q**4/12 - 17*q**2 - 27*q. Let t(w) be the third derivative of o(w). Determine t(8).
2
Let l(x) = -x**2 - 4*x + 2. Let n be l(-3). Let g(m) = 68*m - 142*m - n + 71*m. Determine g(-4).
7
Let l(f) = -7*f - 6. Let w(b) = 12*b + 16. Let u(c) = -7*l(c) - 4*w(c). Determine u(22).
0
Suppose -3*f - 26 = -2*a, 18 = 2*a - 0*f + f. Let b(c) = -26 + 4*c + a + 10 + 8. Determine b(2).
10
Let o = -145 - -149. Suppose -m - 8 = 3*h, -2*m + o = -4*m. Let c(i) = i**2 + 2*i - 1. What is c(h)?
-1
Let x be -22*(1/(-1))/(-2). Let q(h) be the first derivative of h**2/2 + 5*h + 7145. Determine q(x).
-6
Let l(x) = 3*x**2 - x + 1. Let m(w) = -8*w**2 + 3*w - 2. Let g = 88 + -91. Let v(s) = g*l(s) - m(s). What is v(1)?
-2
Let b(i) = -i**3 - 3*i**2 + 5*i - 3. Let g(z) = -383*z + 1528. Let n be g(4). Determine b(n).
-7
Let n(h) = 1170 + 1170 - 2352 + 49*h - 2*h**2. Calculate n(24).
12
Let c = 9491 - 9485. Let l(h) = -h**2 + h + 27. Determine l(c).
-3
Let m(i) = 5*i - 17. Let x = -8557 - -8559. Give m(x).
-7
Let k(t) be the first derivative of t**3/3 - 5*t**2 + 17*t - 39. Let m be k(9). Let h(i) = 5*i - 8 - 3*i - i**2 + 6*i. Calculate h(m).
-8
Suppose 11*b + 20 = b. Let j(q) = 5*q + 5. Let a(g) = 12*g + 9. Let u(o) = -2*a(o) + 5*j(o). What is u(b)?
5
Let o(d) = d**3 - 14*d**2 - 6. Let g be o(14). Let f(i) = -6*i**2 - 76299*i**3 + 38150*i**3 - i + 38148*i**3 - 6. What is f(g)?
0
Let b = 20 - 18. Let z = b + 37. Let l = z - 33. Let t(r) = r**3 - 7*r**2 + 8*r - 8. Determine t(l).
4
Let q(w) = -w**2 - 130*w + 260. Let b = 26957 - 26955. Determine q(b).
-4
Let p(o) be the first derivative of -5*o**4/4 - o**3 + o**2 + 4*o + 7825. Determine p(3).
-152
Let n(o) = -153 + 307 - 159 + o. Suppose 14 + 14 = -4*h. Give n(h).
-12
Let v(f) = -42*f**2 - 6*f - 35*f**2 + 5*f - 30*f**2 - 3*f**3 + 106*f**2. What is v(-2)?
22
Let h(g) be the third derivative of g**4/8 - 3*g**3/2 - 17*g**2 + 3*g. Let f(c) = -c. Let n(i) = -5*f(i) - h(i). Give n(-8).
-7
Let y(w) be the second derivative of -w**5/20 - 5*w**4/12 + 7*w**2/2 - w. Let r(o) = 2761*o - 27615. Let j be r(10). Determine y(j).
7
Let y(w) = -14*w - 90. Let b(c) = 26*c + 193. Let o(x) = 3*b(x) + 7*y(x). Calculate o(-4).
29
Let c(a) = -a**3 - 4*a**2 + 6*a - 1. Let w(y) = -9*y + 13. Let q be w(0). Let s be ((-1)/(-2))/((-2)/(-36)). Suppose 20 = s*t - q*t. Calculate c(t).
-6
Suppose 7*x - 6*x - 56 = 0. Let i be 2*(x/(-8))/(1/(-3)). Suppose -7*d = -d + i. Let m(b) = -b - 10. Give m(d).
-3
Let y(m) be the second derivative of 2 - 1/6*m**3 - 11*m - 3/2*m**2. Calculate y(-9).
6
Let i(h) be the second derivative of h**3/6 - 15*h**2/2 - 2*h + 158. What is i(14)?
-1
Let k(v) = -37*v**3 + 28*v**2 - 42*v + 30. Let a(l) = 13*l**3 - 9*l**2 + 14*l - 10. Let t(z) = -17*a(z) - 6*k(z). Determine t(14).
-10
Let s(i) = 2*i**2 - 42*i + 21. Suppose 160 + 721 + 988 = 89*z. Calculate s(z).
21
Let h(o) be the third derivative of o**6/120 - 19*o**5/60 - 5*o**4/6 + 3*o**3/2 + o**2 + 7*o - 51. What is h(20)?
9
Let k(h) = 446*h - 1. Let n be k(0). Let m(z) = 59*z**2 + 1. Give m(n).
60
Suppose 3*z + d + 25 = 0, -20 = 2*d - 18. Let u(k) = -k**2 - 5*k - 15. Give u(z).
-39
Let w(f) = -49*f + 40. Let a(o) = -58*o + 44. Let q(v) = -2*a(v) + 3*w(v). Determine q(2).
-30
Let m(o) = 155 + 152 + 6*o - 350 + 111. Calculate m(-19).
-46
Let c(n) = -n**3 + 30*n**2 + 179*n + 26. Let y be c(-5). Let t(v) = 2*v**2 - v - 5. Determine t(y).
61
Let t be 29/(-2) + (-21)/(462/(-11)). Let s(b) = -b**2 - 13*b + 24. Determine s(t).
10
Let v(y) = -15*y - 2. Suppose 4*z - 3*a - 9 = 0, -7 + 0 = -2*z - a. Let m(i) = 6*i + 1. Let t(u) = z*v(u) + 8*m(u). Let n be (3/2)/((-12)/16). Give t(n).
-4
Let i(r) = r**2 - 8*r + 15. Suppose 2*w + 2*t - 6 = 0, -3*t = 5*w + 41 - 64. Calculate i(w).
8
Let i(c) = -8*c - 30. Let u = -33 + 37. Suppose 0 = 5*g + u*w - 24, -3*w + 0*w = -2*g + 5. Let o(y) = 3*y + 10. Let f(k) = g*i(k) + 11*o(k). Determine f(9).
-1
Let t(q) = 4*q**3 + 11*q**2 - 9*q - 43. Let z be t(-2). Let j(c) = 7*c + 102. Calculate j(z).
11
Let q = 0 - -14. Let x(a) = -589*a + 288*a + 3*a**2 + 289*a - q - 2*a**2. Give x(12).
-14
Let o(i) = 4*i + 12. Let v(f) = -4*f - 15. Suppose c - m = -4*m - 10, 3*m + 38 = -5*c. Let p(h) = c*o(h) - 6*v(h). Determine p(3).
-6
Let b(n) = -n**3 + n**2 + 2*n. Let i(a) = -5*a + 27. Suppose 5*s = 2*q + 67, -2*s = -2*q - 0*q - 28. Let x = s + -8. Let u be i(x). What is b(u)?
0
Let j(a) be the first derivative of -a**4/4 - 5*a**3 + a**2/2 + 25*a - 6020. Give j(-15).
10
Let y(q) = -17*q**2 + 51*q + 38. Let d(z) = -10*z**2 + 28*z + 20. Let u(t) = 5*d(t) - 3*y(t). Give u(-1).
0
Let a be 8/(-20)*15/(-3). Let t(h) = -h**3 - 6*h**2 - 5*h + 1. Let b be t(-5). Let x(j) = -22*j - 2*j**2 + 25*j + 1 - 2 - b. What is x(a)?
-4
Let b(c) = -2*c**2 - 70*c - 58. Let j be b(-34). Suppose -23*f - j - 13 = 0. Let s(o) = 4*o**3 + o**2. Give s(f).
-3
Suppose -3*c - 107 = 4*k, -31 = k - 0*k + 5*c. Let s(v) = 4*v + 53. Let l be s(k). Let x = l - -45. Let f(g) = -g**2 - 7*g - 2. What is f(x)?
4
Let c(f) = f**2 + 9*f + 6. Let x = 6527 + -6530. What is c(x)?
-12
Let v(l) = -5*l - 1. Let o be (143/(-1))/(-4 - (-28)/8). Let b = -287 + o. Determine v(b).
4
Let u be (-160)/28 - (-2)/(-7). Let z(n) = 97*n**3 - 25*n**2 + 3*n + 14. Let o(s) = 53*s**3 - 13*s**2 + 2*s + 7. Let k(f) = 11*o(f) - 6*z(f). Give k(u).
5
Let o be (-15)/(1800/16)*3*(-5)/6. Let i(u) be the second derivative of 0 - 28*u - 3/2*u**2 + o*u**3 - 1/6*u**4. Calculate i(2).
-7
Let o(n) = -n**2 - 12*n - 2. Let u be o(-11). Let m(s) = s - 73 + 138 - 69. What is m(u)?
5
Let z(d) = -58*d - 4668. Let s be z(-81). Let i(g) be the third derivative of s*g**2 + 0 - 1/6*g**3 - 1/60*g**5 + 0*g + 0*g**4. Determine i(-1).
-2
Let q = 1 + 0. Let r(w) = -2*w + 4*w**2 - 4 + q + 3*w. Let y(a) = a**2 - a + 1. Let d(f) = r(f) + 2*y(f). What is d(-1)?
6
Let l be (-8)/(-6) + (2340/27)/52. Let c(v) be the first derivative of -2*v + 1/3*v**l - 11 - v**2. Calculate c(-4).
22
Let x(a) = -2*a**2 + 3*a - 2. Suppose 0 = -121*q + 126*q - 1030. Let t = 208 - q. Calculate x(t).
-4
Let k be -2 - -3 - (-1 - 2). Let u = -67 + 15. Let a be (18/k)/(39/u). Let z(p) = -p - 7. Give z(a).
-1
Let t(r) = -2*r**2 + 8*r + 6. Let a = 12559 - 12552. Give t(a).
-36
Let s(b) = b**2 + 16*b - 26. Let q(d) = -d**2 - 15*d + 29. Let g(p) = 5*q(p) + 4*s(p). Let n(u) be the first derivative of g(u). Give n(-10).
9
Let f(i) = i**3 - 5*i**2 + i - 4. Suppose 8*w = -19 + 59. Give f(w).
1
Let y(d) = -d**3 - 4*d**2 + 3. Suppose 75 + 15 = 10*o. Suppose 0 = -h - o*h + 50. Let v be (-5 - (-3 - h))/(-1). Calculate y(v).
-6
Let o(c) = -20*c - 3. Let n(i) = 66*i - 461. Let m be n(7). Calculate o(m).
-23
Let h(t) = 9*t + 12. Let c(j) = 2*j + 1. Let v(x) = -4*c(x) + h(x). Let d = 44 - 92. Let g = d + 42. Calculate v(g).
2
Let m = -158 - -150. Let f(z) = 21*z**3 + 19*z**3 - 2 + 8*z**2 - 39*z**3 - 1. What is f(m)?
-3
Let q(i) = -3*i**2 + 2*i - 3. Let t(r) = 10*r**2 - 7*r + 10. Let z(g) = 7*q(g) + 2*t(g). Let x(v) = 2*v**3 - 7*v**2 - 4*v. Let c be x(4). Calculate z(c).
-1
Let d(q) be the first de